+ -203)
27
What is the value of 69 + 25 + -77 - -11?
28
What is the value of 61 + -57 - (-6 - ((-1 - 4) + -63)) - -5?
-53
Evaluate 3 + (5 - 2) + 4 + 4 + (158 - 101).
71
What is the value of -33 + (-3 - (10 + (-12 - (-5 + 9 + -4))))?
-34
(12 - 24) + 2 + -2 + (-1534 - -1652)
106
Calculate (4 - -17) + (-96 - -35).
-40
-16 + (38 + -7 - -74 - 11)
78
What is the value of 11 + -7 + 26 + 11 + 12?
53
Evaluate -58 - 1 - (8 - 23 - 9).
-35
Calculate -9 + 2 + -34 + -3 + 48 + -91 + 7.
-80
10 - ((-34 - 1) + 0 + -38 + 38)
45
What is 18 + 0 + 77 + -118 + 69?
46
Calculate 108 + -33 + 2 + 1 + 0 + (-3 - -12).
87
What is the value of -38 + 46 + -4 + 0 - (1 - 31)?
34
-56 + -13 + 67 - -35
33
(-21 - (33 + -12)) + 31
-11
70 + (-34 - 37) - (-44 - 1 - -3)
41
Calculate 9 - 1 - (25 + -19) - (10 - (0 - -8)).
0
-12 + 19 + (4 - -27) + 5 + (-15 - -7)
35
Evaluate -53 - -45 - (-9 + (-16 - 15)).
32
What is -4 + 27 + 16 + 6 - (-19 + 7)?
57
Evaluate (-36 - -13 - -35 - (16 - 2)) + 11.
9
What is -275 + 600 + -340 - (1 + 0 + 0)?
-16
(69 - (90 - -6)) + (-1 - -3 - 3)
-28
-5 + (22 - -84) - 116
-15
-13 - 3 - (-70 + 43 - -67)
-56
What is the value of 72 + (-348 - -304) + (1 - 138)?
-109
7 - (-57 + 57 - (-16 + 7 + 3)) - -46
47
What is the value of -51 - (-20 + 106 + -170)?
33
What is 49 + (52 - (-71 + 160))?
12
What is the value of 5 + (-40 + 1 - 12) + (3 - (4 + -10))?
-37
What is -17 + 14 + -8 + 0 + (13 - -6) + -22?
-14
(4 - -23 - 18) + 34 + -4
39
(-12 - -4) + 24 + -39
-23
What is (-49 + -63 - -92) + (-90 - 0)?
-110
Calculate (-8 - (-10 - -6)) + 10 + 1 + -2.
5
2 + (48 - -2) + (30 - (41 + -31))
72
Evaluate 2 + -10 - (9 + -1 - (3 - -31 - 11)).
7
Evaluate 45 + -43 + 21 + 2.
25
What is the value of -81 + 61 + 40 + -95?
-75
(24 - 48) + -11 + 22 + 3
-10
-9 - -11 - 12 - 11 - (3 + 3 - -3)
-30
What is the value of -46 - ((-19 - -45 - 58) + 16)?
-30
Evaluate 37 + (159 - 61) + -66.
69
What is the value of -12 + (44 + -32 - -18) + -2 + -2?
14
Evaluate -23 - 17 - (-77 - -33).
4
5 - 4 - ((-6 - (9 + -10 + 3)) + -27)
36
What is (13 + 67 - 41) + -41?
-2
What is (-526 - -536) + (0 - -31)?
41
What is (-12 + 5 + -12 - -20) + -34?
-33
What is 26 - -27 - ((0 - 11) + 74 + -70)?
60
What is -75 - -152 - (35 + -13)?
55
What is the value of -31 + 0 + -6 + (56 - 25 - 25)?
-31
-29 + (87 - ((23 - -1) + -22))
56
What is (-1 - -12) + (104 - 124) - (-6 - (3 - 11))?
-11
(-10 - (-2 + -2)) + (-603 - -741)
132
Calculate (91 - 55) + -5 + 27 + (3 - (-14 - -4)).
71
What is the value of 1 - 0 - -1 - (79 + -35) - (143 - 152)?
-33
Calculate (-1 - 3) + 93 - (709 - 704).
84
What is -88 - -49 - -21 - (2 + -66)?
46
Evaluate -103 - 0 - (8 + 9 + -17 - (38 - 23)).
-88
What is the value of -26 + (14 - 11) - (-140 + 126)?
-9
What is the value of -2 + -20 + (-93 - -16) + 47?
-52
What is the value of -46 - (53 - (-1 + 15) - 24)?
-61
Evaluate 72 - (14 - 86 - -28).
116
What is 44 + -49 + 36 + -70?
-39
What is the value of (92 - 55 - 9) + 16?
44
Calculate -2 + ((-1 - -18) + -20 - -58).
53
Evaluate 4 + 19 + -48 + 55 + -1.
29
What is 27 + (0 + -14 + 3 - (-24 - -60 - 39))?
19
What is (-37 - -1) + (8 - (-23 + 13 + 32))?
-50
What is the value of 40 - (-27 + -52 + 59)?
60
What is the value of (10 - (8 - (-1 - (-14 + 14 + 13)))) + -103?
-115
Evaluate 10 - 17 - (340 - 431).
84
-637 + 657 - (-7 + 14 + (118 - 3))
-102
Evaluate 58 + -1 + 1 - (532 + -485 + -39 + -8).
58
What is the value of -23 - ((127 - 101) + -29)?
-20
What is the value of -195 - (-61 + -131) - (-84 - (1 + -3))?
79
What is -81 - (-65 + -46 - -40)?
-10
0 - 32 - (1 - (16 + (5 - -4) + -28))
-36
Calculate -110 - 8 - (-42 + -1).
-75
What is the value of -11 - (-1 + -4) - ((11 - 55) + 16)?
22
Calculate -15 + (58 + -96 - -29).
-24
Calculate -32 - (-44 + 24 + 8 + -10).
-10
Calculate -29 + (19 + 0 - (37 - 19 - 14)).
-14
Calculate 9 + (8 + (-13 - -9) - 59 - 1) + -7.
-54
Evaluate 26 - (-120 + 78 - 36).
104
Calculate 61 - (109 - 129 - -66).
15
Evaluate (-4 - (-14 - -7) - 2 - (60 + -75)) + 7.
23
Calculate 14 + -70 + (-17 - (1 + -9)).
-65
What is (-3 - -38) + (11 - 3 - (-4 - (2 - 8)))?
41
38 + -3 + -1 - (-35 - (-1 - 28))
40
-6 - (-15 - -19 - (8 - (0 - 8)))
6
-18 + 0 - (-80 + -38 - -7)
93
-3 - 34 - (71 - (-10 - -40))
-78
Calculate (3 - 85) + (-5 - (-11 + -12) - 7).
-71
(27 - 60) + 20 + -10
-23
(-18 + 17 - -8 - -37) + -19
25
What is -128 - (-78 + 110 - 150)?
-10
What is -80 + -76 + 1 + 47?
-108
-39 + (-1 - (-5 + 1)) + 572 + -554 + -13
-31
What is the value of -35 + (-34 - -66) + (2 - (61 - -1))?
-63
Evaluate 553 + -528 + (53 - 0 - (-28 - -29)).
77
-2 + -20 + (-36 + 84 - 37)
-11
Calculate (-5 - -21) + -3 - (-46 + 1 + 60 + -63).
61
What is the value of -2 + 14 + (-53 - -39) + (-5 - -5 - -14)?
12
What is the value of 432 - 440 - (-11 + -3)?
6
Calculate -6 + (-9 - (3 + -2 - -11)) + 4.
-23
(-41 - -17) + 6 - -14 - (10 - -4)
-18
Calculate (20 - -71) + -23 - 45.
23
Evaluate (7 - 0 - 6) + -113 - ((-39 - 4) + 55).
-124
What is the value of (-686 - -682) + (4 + -2 - 3)?
-5
Evaluate -13 + -1 + (3 - (-3 + 5) - (-82 + 45)).
24
Evaluate -11 + 7 + -5 + -58 + -8.
-75
Evaluate -12 + (86 + -85 - (1 - -8 - -3)).
-23
Evaluate 30 - (2 + 63 + -21).
-14
Evaluate 0 + (38 - 32) + 0 + 2 + -12 + -12.
-16
-13 + 3 + 11 + 4 + -5 - 31
-31
Calculate -623 + 729 + 4 + -66.
44
What is the value of 31 + (-21 - -29) - 5?
34
Evaluate -20 + -5 + (-4 - -4 - -16) + -23.
-32
Evaluate 6 + (-3 - 1 - -10) + (-80 - (-1 - -1)).
-68
556 - 504 - (-13 + -4 + (-1 - -3))
67
Evaluate -1 + (1 - (-1 - -55)) - (-87 + (-70 - -146)).
-43
What is (-336 - -131 - -58) + 8?
-139
(-20 - (30 + -38)) + -26 + 7
-31
What is the value of (-6 - 9) + 6 + -7 + -4 + 5 + 10?
-5
What is (-1 - -105 - 0) + (475 - 501)?
78
Calculate 31 + (35 - 3) + -147.
-84
Evaluate -47 + (-7 - 0) + 11 + 11 + -9.
-41
What is the value of 29 + -25 + (-7 + -2 - -14) + -3 + 22?
28
What is the value of 59 + 3 + (2 - 4) + (103 - 91)?
72
Calculate 21 + 2 + -498 + 478.
3
What is the value of -1532 - -1416 - (-42 + 0)?
-74
What is 64 + 13 + -11 - (71 - 92)?
87
What is the value of 53 - (-34 - (59 - 218))?
-72
-5 + (-21 - (-91 - -46))
19
What is 16 + (5 - 9 - -73) + -7 + 2?
80
What is 2 + 9 - 3 - (672 - 655)?
-9
What is -8 - (2 - 2 - (50 - (-19 + 40)))?
21
Evaluate 1019 + -996 - (14 - -3 - -2).
4
What is 369 + -222 + -111 - (0 + 119)?
-83
24 + (-33 - (-8 + -14)) + 16
29
-84 + -70 + 159 + -90
-85
(-1 - -13) + (-2 + 24 + 64 - (6 + 18))
74
What is 1 + -6 + 49 + (393 - 440)?
-3
Calculate -22 - (-25 + 20) - 4.
-21
What is the value of -3 + (6 - ((-32 + 31 - -5) + 5 + 0))?
-6
Calculate 14 + (5 - (61 - (25 + -7))).
-24
What is 20 + (-141 - -1) + (51 - (-24 + 64))?
-109
What is the value of 5 + (1 + 4 - 7) - (254 + -259)?
8
Evaluate (9 - (10 + 9)) + 3 + 8 - -43.
44
What is the value of 11 + (25 - 42) - (5 + (-68 - (6 - 7)))?
56
What is the value of 3 + (15 - 15) + -17 + -14?
-28
-4 + 3 + (54 - (11 + 42))
0
3 - (-17 - (3 - (-9 - -17)) - (-7 - 2))
6
Calculate 12 - (21 + -1 + 1 + -5).
-4
What is the value of (33 - 43) + 22 - -20?
32
(41 - 49) + 6 + 11 + -5 - 71
-67
What is -5 + 2 - (4 + 5 - -15 - -18)?
-45
What is the value of -5 + 40 + -40 + 33 - -19?
47
Calculate 818 - 798 - (-4 + -7).
31
Calculate -38 - -46 - -12 - (-27 - 1).
48
Calculate -4 - (-15 + -5) - 22 - (0 - (-13 + 2)).
-17
Calculate -3392 + 3486 - (2 + 95).
-3
1871 + -1815 - (2 - -70)
-16
-25 + -2 + 271 + 49 + -308
-15
What is -8 + 6 + 3 + (-4 - -26) + 8?
31
What is the value of (13 - -54) + -66 + -11 + -1?
-11
Calculate 1 - ((15 - 0) + 84 + -104 + 21).
-15
What is the value of (2 + -3 - (28 + -32)) + (-7 - 1) + -50?
-55
-51 + 67 - (-18 - -19)
15
What is the value of 19397 + -19331 - (197 - -1)?
-132
Evaluate 2 + (0 - (-21 - (11 + -22)) - -103).
115
What is 139 - (176 + -89 + -3)?
55
What is the value of 65 + -51 + -47 - (15 + 29)?
-77
Calculate (1 - (111 + -12 + 8 + -5)) + -3.
-104
What is 9 + -4 + (6 - (-3 + 4)) + (-78 - -29)?
-39
Evaluate -83 + 71 + 82 + (-19 - -9).
60
-86 + 45 + 40 - 39
-40
Evaluate 25 + -72 - (3 + 6 - (-20 - -29)).
-47
Calculate 104 + -104 + 9 + -11 + 4 + -3.
-1
Evaluate -27 + 36 + -21 - ((-3 - -3) + -11).
-1
Evaluate 420 + (306 - 728) - (1 - 2 - 140).
139
1 - -15 - (58 - (4 - (-9 + 9)))
-38
What is 30 + (-8 - ((-26 - -29) + -33))?
52
(7 - (80 - -9)) + (-7 - (3 - (13 - 8)))
-87
What is (-26 - -12 - -6) + 22 - (-2 - (41 - 0))?
